mber?
False
Is 132626712451 prime?
True
Is 201366643 composite?
False
Is 252763301 prime?
False
Is 80893811629 composite?
False
Is 89014043 a composite number?
False
Is 823142279 a composite number?
False
Is 1407047947 composite?
False
Is 1781183791 a composite number?
False
Is 1279363994 prime?
False
Is 29840483051 prime?
True
Is 7157462737 prime?
True
Is 75624517 a composite number?
True
Is 5696006755 a prime number?
False
Is 47845152179 composite?
True
Is 322724839 a composite number?
False
Is 8431416557 a composite number?
False
Is 15469503173 a composite number?
True
Is 202217143 a prime number?
False
Is 3841731742 composite?
True
Is 14293347571 prime?
True
Is 608509709 prime?
False
Is 14027181263 a composite number?
False
Is 144204787 composite?
False
Is 53521171023 a prime number?
False
Is 623511857 a prime number?
True
Is 260495089 a composite number?
True
Is 17396198671 prime?
True
Is 19476533 prime?
False
Is 24041730767 a prime number?
True
Is 4409991059 prime?
False
Is 1848720689 composite?
True
Is 29054776531 a composite number?
True
Is 16333915223 a composite number?
False
Is 9879502607 a prime number?
False
Is 2901696547 a prime number?
False
Is 33232472803 a prime number?
True
Is 39002165693 prime?
True
Is 6515539759 a prime number?
False
Is 9677910071 prime?
True
Is 6511822303 composite?
True
Is 603454147 a composite number?
True
Is 19193851459 a composite number?
True
Is 15112444201 a prime number?
True
Is 19005433971 a prime number?
False
Is 3283228303 composite?
False
Is 52371828607 prime?
False
Is 2256640277 a composite number?
True
Is 95598372089 prime?
False
Is 7414528987 prime?
True
Is 6031907381 composite?
False
Is 203924767 prime?
True
Is 7803400669 a composite number?
False
Is 71859869 composite?
True
Is 200117873 composite?
False
Is 1757824429 composite?
True
Is 533451461 composite?
False
Is 1276953319 a prime number?
False
Is 655730741 a prime number?
True
Is 4305127013 composite?
True
Is 7981580273 a prime number?
True
Is 134584381 prime?
True
Is 14738919353 composite?
False
Is 585689053 a prime number?
True
Is 933795191 a prime number?
False
Is 4242282781 composite?
True
Is 10212431765 a composite number?
True
Is 276634349 composite?
True
Is 957658829 a prime number?
True
Is 13231639559 a prime number?
False
Is 18031481333 a prime number?
False
Is 9765960959 prime?
False
Is 18116041529 a composite number?
False
Is 4125113637 composite?
True
Is 2052704657 prime?
True
Is 3687345053 composite?
True
Is 1005957809 a composite number?
False
Is 62689580117 composite?
True
Is 930750113 a composite number?
True
Is 353343281477 prime?
True
Is 9503679463 composite?
True
Is 2818027439 a composite number?
False
Is 24594246973 prime?
False
Is 2801125007 composite?
False
Is 183842401081 prime?
False
Is 6010901893 a prime number?
True
Is 8418891491 prime?
True
Is 77890249 composite?
False
Is 4708279657 prime?
True
Is 883683011 a composite number?
True
Is 3105811919 a prime number?
False
Is 18322947527 prime?
True
Is 89205407909 a composite number?
False
Is 32793679211 a prime number?
True
Is 2671814051 composite?
True
Is 763050319 a prime number?
True
Is 220694801 a prime number?
False
Is 145813841 composite?
False
Is 5901371923 prime?
False
Is 99650077 a composite number?
False
Is 947928154 a composite number?
True
Is 966866963 composite?
False
Is 751223779 composite?
False
Is 6348516371 prime?
True
Is 12095591519 prime?
False
Is 11695666837 a composite number?
False
Is 51178166267 a composite number?
False
Is 30275206427 a composite number?
True
Is 49175366351 a prime number?
False
Is 5627349713 composite?
False
Is 14621522891 prime?
True
Is 714971107 composite?
True
Is 458067179 composite?
True
Is 55000474913 a composite number?
False
Is 107546963 prime?
False
Is 3375267277 a prime number?
False
Is 1476168373 prime?
True
Is 1707605051 a composite number?
False
Is 1448372119 prime?
True
Is 6485056121 prime?
True
Is 1491781567 a prime number?
True
Is 2044846393 a composite number?
False
Is 740349217 prime?
False
Is 140651249 prime?
False
Is 5859940393 a prime number?
True
Is 39597545101 a prime number?
True
Is 112315077205 composite?
True
Is 183876449 composite?
False
Is 29242818431 prime?
True
Is 82797577887 composite?
True
Is 10651707041 a composite number?
False
Is 260197451 a composite number?
True
Is 1564855499 composite?
False
Is 3200545379 a composite number?
False
Is 5910621917 a composite number?
False
Is 426996154703 a composite number?
False
Is 88656454207 a composite number?
True
Is 320527021 a prime number?
True
Is 1379823733 a prime number?
False
Is 4254839513 a prime number?
True
Is 355405693 composite?
False
Is 289138559 prime?
True
Is 28123149773 a composite number?
True
Is 3179212481 a composite number?
True
Is 219344091 prime?
False
Is 30638073259 a composite number?
False
Is 6297199903 prime?
False
Is 798944329 composite?
False
Is 10320514679 composite?
False
Is 6588216995 a composite number?
True
Is 649752121 composite?
True
Is 19298653027 a prime number?
False
Is 4624891762 composite?
True
Is 401547397 prime?
False
Is 841595669 a prime number?
False
Is 8199041989 a composite number?
False
Is 5956859603 composite?
False
Is 47962298687 composite?
True
Is 126411755 a prime number?
False
Is 5686654501 a prime number?
False
Is 11328153743 composite?
False
Is 38027187587 prime?
True
Is 28896960769 a prime number?
True
Is 175429187 prime?
True
Is 846192539 a prime number?
True
Is 329087539 a composite number?
True
Is 2951045159 composite?
False
Is 152984807 a prime number?
True
Is 117951375943 composite?
True
Is 2712923473 prime?
False
Is 4089581 prime?
True
Is 27272287639 composite?
False
Is 81151463 prime?
False
Is 46548679 prime?
True
Is 1915834673 prime?
False
Is 24955379167 composite?
False
Is 1358301653 a composite number?
True
Is 489919093 a composite number?
True
Is 1331805833 prime?
False
Is 49072763813 a prime number?
True
Is 401641277 a prime number?
True
Is 9230732717 a composite number?
False
Is 2811926219 prime?
False
Is 1643455727 composite?
True
Is 4759588909 a prime number?
False
Is 5239179343 composite?
True
Is 4353033697 a composite number?
True
Is 7517936926 composite?
True
Is 308219911 prime?
False
Is 624921121 prime?
False
Is 1807426297 composite?
True
Is 156308767 composite?
False
Is 692580107 a composite number?
True
Is 1991700427 prime?
False
Is 51102299 prime?
False
Is 13567104349 a prime number?
True
Is 39528697907 a prime number?
True
Is 126266147 composite?
True
Is 43767337443 prime?
False
Is 7584735407 composite?
False
Is 2268320227 composite?
False
Is 209179079 a prime number?
True
Is 5980748759 a composite number?
False
Is 38529162803 composite?
False
Is 17898446053 prime?
True
Is 1490652797 composite?
True
Is 25478591771 a composite number?
True
Is 6518855197 a composite number?
True
Is 19685081683 a prime number?
True
Is 8136680473 prime?
False
Is 1992663389 a prime number?
False
Is 7221018347 composite?
True
Is 138811921 a composite number?
False
Is 594576533 a composite number?
True
Is 8613668041 prime?
False
Is 1784533885 a prime number?
False
Is 3404427071 prime?
True
Is 4757525657 a composite number?
True
Is 465070577 prime?
False
Is 20354104861 prime?
False
Is 49729270147 composite?
True
Is 10401340447 composite?
False
Is 20537539235 a composite number?
True
Is 976514173 a composite number?
True
Is 9925218599 a composite number?
False
Is 12704203957 prime?
False
Is 1535634979 prime?
False
Is 111838127 prime?
True
Is 5607694349 a composite number?
True
Is 612260245 prime?
False
Is 408868237 a prime number?
False
Is 32846725427 prime?
True
Is 14321544487 prime?
False
Is 6587562829 composite?
False
Is 7322428397 composite?
True
Is 10313555803 a prime number?
True
Is 369833909 prime?
True
Is 656010167 composite?
False
Is 5219934497 composite?
False
Is 390913079 a composite number?
True
Is 50622452777 prime?
False
Is 60624397081 a prime number?
False
Is 156874306949 composite?
True
Is 611762377 composite?
False
Is 10726342667 prime?
True
Is 7598368153 a prime number?
True
Is 3912932027 a composite number?
False
Is 222044974889 a prime number?
False
Is 240828277 prime?
True
Is 828083309 composite?
False
Is 102232124359 composite?
False
Is 145797709 composite?
False
Is 4307714